59 is divided by 3666?
11
Calculate the remainder when 7783824 is divided by 204837.
18
Calculate the remainder when 95568 is divided by 11913.
264
What is the remainder when 11640771 is divided by 433?
432
Calculate the remainder when 106989 is divided by 106967.
22
Calculate the remainder when 559770 is divided by 111925.
145
Calculate the remainder when 138555851 is divided by 1383.
1379
Calculate the remainder when 112279 is divided by 11227.
9
What is the remainder when 603867 is divided by 9711?
1785
Calculate the remainder when 634111 is divided by 97.
22
What is the remainder when 1036453 is divided by 6171?
5896
Calculate the remainder when 39806156 is divided by 3.
2
Calculate the remainder when 693651 is divided by 2599.
2317
What is the remainder when 45103846 is divided by 101?
74
Calculate the remainder when 28046 is divided by 1516.
758
What is the remainder when 179557927 is divided by 9?
7
What is the remainder when 298862 is divided by 18661?
286
Calculate the remainder when 241297 is divided by 1416.
577
What is the remainder when 16965562 is divided by 197?
119
What is the remainder when 372830 is divided by 62134?
26
Calculate the remainder when 4247843 is divided by 54.
41
Calculate the remainder when 683796 is divided by 2416.
68
Calculate the remainder when 3311301 is divided by 843.
840
Calculate the remainder when 787798 is divided by 393761.
276
What is the remainder when 337460 is divided by 97?
94
What is the remainder when 4909303 is divided by 4909297?
6
Calculate the remainder when 6083637 is divided by 6377.
6356
What is the remainder when 607843 is divided by 202564?
151
What is the remainder when 19647822 is divided by 28?
26
What is the remainder when 2106236 is divided by 18?
2
What is the remainder when 494504 is divided by 82408?
56
What is the remainder when 17356334 is divided by 2477?
2472
What is the remainder when 101433 is divided by 11325?
10833
Calculate the remainder when 770297 is divided by 50.
47
Calculate the remainder when 11991962 is divided by 1419.
1412
What is the remainder when 9052763 is divided by 282?
281
Calculate the remainder when 45738 is divided by 2139.
819
What is the remainder when 456451 is divided by 113592?
2083
What is the remainder when 29026 is divided by 2825?
776
Calculate the remainder when 1320081 is divided by 1614.
1443
Calculate the remainder when 86134 is divided by 209.
26
Calculate the remainder when 807979 is divided by 1036.
935
What is the remainder when 1291787 is divided by 206?
167
Calculate the remainder when 14719625 is divided by 1226635.
5
What is the remainder when 273385 is divided by 10065?
1630
What is the remainder when 494762863 is divided by 26?
23
What is the remainder when 91180055 is divided by 51456?
23
What is the remainder when 96485137 is divided by 588324?
1
Calculate the remainder when 16593216 is divided by 258.
204
Calculate the remainder when 143012 is divided by 992.
164
Calculate the remainder when 92272 is divided by 95.
27
What is the remainder when 58504734 is divided by 1139?
1138
What is the remainder when 5614754 is divided by 1403680?
34
Calculate the remainder when 261077 is divided by 14481.
419
Calculate the remainder when 80838 is divided by 489.
153
What is the remainder when 3039976 is divided by 497?
324
What is the remainder when 137340245 is divided by 1938?
1937
What is the remainder when 52515796 is divided by 26257869?
58
What is the remainder when 3199648 is divided by 224?
32
Calculate the remainder when 854320 is divided by 973.
26
Calculate the remainder when 1182914 is divided by 3775.
1339
Calculate the remainder when 47531727 is divided by 21.
12
What is the remainder when 3320824 is divided by 166?
160
What is the remainder when 170163615 is divided by 13?
11
What is the remainder when 54090 is divided by 1466?
1314
Calculate the remainder when 3068133 is divided by 53.
16
Calculate the remainder when 66384251 is divided by 57826.
3
What is the remainder when 386457 is divided by 19316?
137
Calculate the remainder when 3496970 is divided by 1085.
15
What is the remainder when 63723 is divided by 7956?
75
Calculate the remainder when 6819904 is divided by 159.
76
What is the remainder when 128715922 is divided by 128715899?
23
Calculate the remainder when 4502635 is divided by 18.
7
Calculate the remainder when 793327 is divided by 77.
73
Calculate the remainder when 768543 is divided by 118.
9
What is the remainder when 3609966 is divided by 328?
326
Calculate the remainder when 59507 is divided by 1661.
1372
What is the remainder when 28910 is divided by 3771?
2513
What is the remainder when 313405 is divided by 2176?
61
What is the remainder when 1384985 is divided by 276946?
255
Calculate the remainder when 14760316 is divided by 102.
100
Calculate the remainder when 2740731 is divided by 481.
474
Calculate the remainder when 549433 is divided by 4736.
57
What is the remainder when 61774887 is divided by 190?
187
Calculate the remainder when 1874662 is divided by 156165.
682
Calculate the remainder when 3985840 is divided by 3297.
3064
What is the remainder when 489832 is divided by 52?
44
Calculate the remainder when 4448566 is divided by 25.
16
Calculate the remainder when 814356 is divided by 1939.
1915
What is the remainder when 191659139 is divided by 60?
59
Calculate the remainder when 82992676 is divided by 337.
23
What is the remainder when 3139490 is divided by 348832?
2
Calculate the remainder when 24745 is divided by 171.
121
Calculate the remainder when 50788 is divided by 10118.
198
Calculate the remainder when 908526 is divided by 113519.
374
What is the remainder when 1635443 is divided by 545144?
11
What is the remainder when 72540 is divided by 1131?
156
What is the remainder when 7739835 is divided by 84?
75
What is the remainder when 12169679 is divided by 65?
54
What is the remainder when 64422 is divided by 43?
8
What is the remainder when 160927 is divided by 2016?
1663
Calculate the remainder when 486119 is divided by 20240.
359
What is the remainder when 200170 is divided by 8004?
70
What is the remainder when 340388 is divided by 14798?
34
What is the remainder when 9764555 is divided by 278986?
45
What is the remainder when 6200346 is divided by 701?
1
What is the remainder when 198041 is divided by 2833?
2564
What is the remainder when 89109 is divided by 755?
19
Calculate the remainder when 136998 is divided by 1356.
42
Calculate the remainder when 9936775 is divided by 14.
9
Calculate the remainder when 594110 is divided by 1444.
626
What is the remainder when 251235 is divided by 1013?
11
What is the remainder when 16719346 is divided by 18?
10
Calculate the remainder when 23142780 is divided by 46.
42
What is the remainder when 19836 is divided by 3510?
2286
Calculate the remainder when 24200 is divided by 8022.
134
Calculate the remainder when 711974 is divided by 118659.
20
Calculate the remainder when 3294275 is divided by 3025.
50
Calculate the remainder when 20081346 is divided by 3346886.
30
Calculate the remainder when 16141 is divided by 15497.
644
Calculate the remainder when 1491501 is divided by 229.
24
What is the remainder when 26133240 is divided by 4184?
4160
What is the remainder when 5531092 is divided by 6632?
4
What is the remainder when 168086 is divided by 41887?
538
Calculate the remainder when 70108 is divided by 3890.
88
What is the remainder when 7211789 is divided by 17984?
205
What is the remainder when 538339 is divided by 16144?
5587
Calculate the remainder when 37526597 is divided by 24.
5
Calculate the remainder when 1352863 is divided by 1116.
271
Calculate the remainder when 1106885253 is divided by 49.
47
Calculate the remainder when 280794338 is divided by 202.
198
Calculate the remainder when 545649 is divided by 2728.
49
Calculate the remainder when 400510 is divided by 14832.
46
What is the remainder when 7508781 is divided by 1363?
14
What is the remainder when 2717777 is divided by 4768?
17
What is the remainder when 258681 is divided by 226?
137
Calculate the remainder when 1571768 is divided by 7712.
6232
Calculate the remainder when 184578 is divided by 45.
33
Calculate the remainder when 42149874 is divided by 648459.
39
